 factor of r and 45.
9
Let m = -1306 + 1308. Let c(l) = -5*l + 1. Let s be c(-1). What is the highest common divisor of s and m?
2
Let m(p) = 59*p - 179. Let x be m(7). What is the greatest common factor of x and 1053?
117
Let s = 48 - 36. Suppose 3*b - 6*b + s = 0. Calculate the highest common factor of b and 28.
4
Suppose 404*n = 412*n - 24. Calculate the greatest common divisor of 6 and n.
3
Suppose -3*v + 121 = 17*x - 13*x, -4*v - 3*x = -152. Let f = -2 + 2. Let j be -4 + 18 + (0 - f). What is the highest common factor of j and v?
7
Let t be ((-8)/12 + 1/(-3))*-17. Suppose 2*r - 2 = 0, 0 = -p - 0*r - 5*r + t. Let u be ((-4)/6)/(1/(-162)). Calculate the highest common factor of u and p.
12
Let f be (0 + -1)/(5/25). Let g = f - 1. Let b be (-9)/g*2*88. What is the greatest common divisor of b and 24?
24
Let u(s) = s**2 - 9*s - 42. Let i be u(12). Let z be (-2)/(-5 + (-27)/i). Calculate the greatest common factor of 2 and z.
2
Suppose 4*c = 279 - 87. Let g be ((6 - 5)*-2)/((-3)/c). Let z(d) = -d**3 + d**2 + d + 48. Let i be z(0). What is the greatest common divisor of g and i?
16
Let z(t) = -t**2 - 10*t - 6. Let y be 0 + 3 + 48/(-4). Let v be z(y). Suppose -l = 5, -v*a + l + 65 = -0*a. What is the greatest common divisor of 5 and a?
5
Let v be (-5)/((-35)/1512) - (1 - 1). Calculate the highest common divisor of 96 and v.
24
Let g be (468/90)/((-2)/(-60)). What is the greatest common factor of g and 96?
12
Let j(l) = 39*l - 129. Let o be j(6). What is the highest common divisor of 42 and o?
21
Let r = 807 + -519. Calculate the greatest common divisor of r and 32.
32
Suppose -2*x = -5*x + 315. Let s = 27 + 43. What is the highest common divisor of x and s?
35
Suppose 16*h + 165 = 11*h. Let q be (-6)/4*2 - -1. Let w be (h/(-6))/(q/(-8)). What is the highest common factor of 88 and w?
22
Let v = 509 + -463. Calculate the greatest common divisor of v and 138.
46
Let k be -2*(-87)/6 - -1. Suppose -4*s = -k + 2. Let z(c) = c**2 + 2*c + 12. Let y be z(s). What is the greatest common factor of y and 30?
15
Suppose 0 = 2*w + w - 6*w. Suppose -5*z + 60 = -w*z - 4*p, -12 = -z + 5*p. What is the highest common divisor of 18 and z?
6
Let d = -21 + 151. Calculate the highest common divisor of d and 13.
13
Let r be 40/18 - (-8)/(-36). Suppose -11 = -r*f + 19. Let a = 243 - 168. What is the greatest common divisor of f and a?
15
Let m = 96 + -58. Suppose 0 = -2*i - 2*s - m, -i + s = -s + 16. Let k = 58 + i. What is the greatest common divisor of 5 and k?
5
Suppose -24 = -27*u + 23*u. Suppose u*o + 44 = 182. What is the highest common divisor of o and 253?
23
Suppose -103 + 31 = -3*f. Let p(t) = -t**3 + 6*t**2 + 18*t - 16. Let x be p(8). Suppose -2*i + x*i + 12 = 0. Calculate the highest common divisor of f and i.
6
Let w = 45 + -40. Suppose w*t - 133 = 7. Calculate the highest common divisor of t and 140.
28
Let p be -2*(3/(-1) + (-5)/5). Let r = p - -18. Let l be 260*(2/(-4) - -1). Calculate the highest common divisor of l and r.
26
Let l(q) = 5*q**2 - 15*q + 22. Let w(a) = 6*a**2 - 16*a + 23. Let y(i) = -7*l(i) + 6*w(i). Let f be y(-13). What is the highest common factor of 27 and f?
9
Let k(d) = 2*d**3 - d**2 - d + 1. Let x be k(0). Let b be 150/10 + (2 - (2 - x)). What is the greatest common factor of 24 and b?
8
Let a(s) = 2*s**2 + 5*s + 50. Let x be a(6). What is the greatest common divisor of 8 and x?
8
Suppose 390*y = 409*y - 3648. Calculate the greatest common divisor of 128 and y.
64
Let g = -32 + 35. Suppose 4*b + 4*z + 68 = 8*b, b - 23 = g*z. Calculate the greatest common factor of b and 140.
14
Let q be (-1119)/(-15) - (-8)/20. Suppose -3*d + 4*l - 369 = 0, 0*l = -d + 5*l - 134. Let t = d - -169. Calculate the greatest common factor of t and q.
25
Let v = 213 + -199. What is the highest common divisor of 105 and v?
7
Suppose 11*q + 30 = 13*q. Suppose 3*x = -197 + 692. Calculate the greatest common factor of x and q.
15
Let m = -1042 - -1078. What is the highest common divisor of 261 and m?
9
Suppose 19*a - 908 = 1220. Calculate the highest common divisor of 266 and a.
14
Suppose -3*j + 4*u + 192 = 0, -15*u + 11*u = 0. What is the greatest common divisor of j and 48?
16
Suppose 4*l - i + 6 = 0, -l + 3*l - 6 = 5*i. Let t be l/11 - 530/(-11). Let b = -3 + 9. What is the highest common factor of t and b?
6
Suppose -7*m + 4*m + 48 = 0. Calculate the highest common divisor of 144 and m.
16
Suppose 25*l + 51 = 2*a + 28*l, 0 = 2*l - 6. What is the highest common factor of a and 581?
7
Suppose 2*b - 6 = -0*b, 4*b - 22 = r. Let f(q) = -q**3 - 11*q**2 - 13*q - 8. Let t be f(r). Calculate the greatest common divisor of 11 and t.
11
Suppose -2 = -2*g - 4*u, g + 3*u - 4 = -0. Let w be (g/(-4))/(4/16). Suppose 5*l = 5 + w. What is the greatest common divisor of l and 22?
2
Let q be (-10)/(30/(-63)) + 5. Suppose p = 4*r - 4*p - q, 4*r = -2*p + 40. Calculate the highest common factor of 189 and r.
9
Suppose 0 = -u - 2833 + 3306. What is the greatest common factor of u and 33?
11
Let p(y) = -55*y - 530. Let l be p(-10). Let h(z) = z**3 - 2*z**2 - 2*z + 6. Let n be h(4). Calculate the greatest common factor of l and n.
10
Let n = 52 + -54. Let t be ((-1)/(-4))/((-3)/66)*n. What is the highest common divisor of 33 and t?
11
Suppose 3*k + 93 = 3*l, 3*k = -l - 0*k + 11. Let m(b) = -3*b - l + 12 + 6. Let z be m(-6). What is the greatest common factor of z and 70?
10
Let k = 1 - -5. Let d be -8 + 13 + (41 + 2 - 0). What is the highest common factor of k and d?
6
Suppose -107 - 21 = -4*u. What is the highest common divisor of 272 and u?
16
Let s be (-1 + 4)/6*122. Let l = -45 + s. Calculate the highest common factor of l and 144.
16
Suppose 2*k - 6 = 5*k. Let x = k + 23. What is the greatest common divisor of x and 147?
21
Let t = 3573 - 1997. Suppose 5*p = -0*p - 2*a + 3940, -t = -2*p + 5*a. Let s = -535 + p. What is the highest common divisor of s and 23?
23
Let z = 330 + -313. What is the greatest common divisor of z and 1?
1
Let x(z) = -z**3 + 28*z**2 - 87*z - 42. Let t be x(24). Calculate the highest common divisor of t and 18.
6
Let a = 452 + -428. What is the highest common divisor of 88 and a?
8
Let v(k) = 30*k**2 - 9*k - 11. Let c be v(-1). Calculate the greatest common divisor of 756 and c.
28
Let c be 307648/(-456)*(-6)/4. Calculate the highest common factor of 22 and c.
22
Suppose 8*t = 12*t - 288. What is the highest common divisor of t and 6?
6
Let y(j) = 4*j - 21 + 13 + 0*j + 9. Let v be y(10). Suppose -i = 5*h - 118, -3*h = -2*i - v - 35. What is the greatest common factor of 60 and h?
12
Suppose 2 + 4 = -3*h. Let x be 0/2 + h - -5. Suppose -t + 0 = -9. What is the highest common divisor of x and t?
3
Suppose -318 = -6*o + 36. What is the highest common divisor of o and 59?
59
Suppose -15 - 10 = -5*l + 4*p, -3*p + 15 = 0. Let s = l - 12. Let x be s/(-2)*(3 - -3). Calculate the greatest common factor of x and 9.
9
Suppose -4*i - 110 = -3*f, 3 + 61 = -2*i - 3*f. Let k be 2*2/((-4)/i). Let l be (2 - k)*17/(-3). Calculate the highest common factor of 17 and l.
17
Let m be ((-272)/(-24) + -11)/((-1)/(-72)). What is the highest common divisor of 3 and m?
3
Let k = 26 - 18. Let v = 19 - k. What is the greatest common factor of v and 77?
11
Suppose 24*a - 10810 = -23*a. What is the highest common divisor of 69 and a?
23
Let v be ((-10)/(-8))/(117/5616). What is the greatest common factor of v and 124?
4
Suppose -768 - 447 = -5*o. Suppose 12 = -3*k + o. What is the highest common divisor of 7 and k?
7
Suppose 0*j - 29 = -j. Let k be 6628/12 - 4/12. Suppose 0 = -15*w + k - 117. Calculate the highest common divisor of w and j.
29
Let q = -227 - -273. Calculate the highest common divisor of 368 and q.
46
Suppose -45 - 83 = -4*z. Let a be z/(-80) - (-7)/5. Let o be a/((-84)/(-81) - 1). Calculate the greatest common factor of 27 and o.
27
Let w = 32 - -22. What is the greatest common factor of 18 and w?
18
Let q(o) = -o**2 - 8*o. Let i be q(-10). Let b = i - 0. Let z = b - -22. Calculate the greatest common factor of 8 and z.
2
Suppose 0 = a - 18 + 6. Suppose -2*p - 40 = -h, -a = -h - 2*p - 3*p. Calculate the highest common factor of h and 96.
32
Suppose 28 = 3*b - b. Suppose 2*a - 8 + 349 = -5*y, 10 = 5*a. Let i = y - -111. Calculate the greatest common factor of